6996?
9
What is the units digit of 316171?
1
What is the hundred thousands digit of 334924?
3
What is the ten thousands digit of 16203491?
0
What is the thousands digit of 15931044?
1
What is the hundred thousands digit of 254258?
2
What is the hundreds digit of 2462423?
4
What is the ten thousands digit of 2296601?
9
What is the units digit of 3930533?
3
What is the tens digit of 6973088?
8
What is the hundreds digit of 695675?
6
What is the thousands digit of 15622592?
2
What is the millions digit of 3127008?
3
What is the units digit of 627698?
8
What is the units digit of 315617?
7
What is the hundreds digit of 94777?
7
What is the hundreds digit of 705720?
7
What is the ten thousands digit of 8354238?
5
What is the hundred thousands digit of 2102765?
1
What is the tens digit of 1125902?
0
What is the hundred thousands digit of 1235914?
2
What is the units digit of 138152?
2
What is the ten thousands digit of 5153652?
5
What is the units digit of 401388?
8
What is the hundreds digit of 31263102?
1
What is the units digit of 56239?
9
What is the tens digit of 62773?
7
What is the hundreds digit of 3780892?
8
What is the thousands digit of 970174?
0
What is the hundred thousands digit of 3182218?
1
What is the units digit of 5725194?
4
What is the hundreds digit of 1659452?
4
What is the hundred thousands digit of 1229891?
2
What is the units digit of 907226?
6
What is the units digit of 254148?
8
What is the hundreds digit of 1006914?
9
What is the units digit of 6451378?
8
What is the hundreds digit of 1078554?
5
What is the thousands digit of 2305832?
5
What is the units digit of 19536272?
2
What is the hundreds digit of 550130?
1
What is the tens digit of 752621?
2
What is the thousands digit of 22428?
2
What is the hundreds digit of 1001585?
5
What is the millions digit of 6328161?
6
What is the thousands digit of 39457?
9
What is the units digit of 2070225?
5
What is the ten millions digit of 22060379?
2
What is the millions digit of 1020372?
1
What is the units digit of 361825?
5
What is the hundred thousands digit of 492364?
4
What is the tens digit of 94445?
4
What is the ten thousands digit of 931761?
3
What is the hundreds digit of 916788?
7
What is the thousands digit of 1201589?
1
What is the hundreds digit of 382301?
3
What is the millions digit of 3852293?
3
What is the hundreds digit of 11962745?
7
What is the ten thousands digit of 242406?
4
What is the hundred thousands digit of 642062?
6
What is the hundred thousands digit of 497994?
4
What is the tens digit of 897524?
2
What is the hundred thousands digit of 255169?
2
What is the millions digit of 30530330?
0
What is the ten thousands digit of 39511?
3
What is the tens digit of 181592?
9
What is the hundreds digit of 260848?
8
What is the hundred thousands digit of 988240?
9
What is the units digit of 73254?
4
What is the tens digit of 103499?
9
What is the hundreds digit of 104243?
2
What is the hundreds digit of 5412658?
6
What is the units digit of 338214?
4
What is the hundreds digit of 757979?
9
What is the thousands digit of 1454162?
4
What is the units digit of 20631?
1
What is the thousands digit of 90899?
0
What is the tens digit of 1494064?
6
What is the hundreds digit of 705908?
9
What is the ten thousands digit of 3425796?
2
What is the units digit of 163029?
9
What is the thousands digit of 7524014?
4
What is the tens digit of 348041?
4
What is the thousands digit of 1105761?
5
What is the hundreds digit of 3245?
2
What is the millions digit of 10386714?
0
What is the units digit of 4277324?
4
What is the ten thousands digit of 18360244?
6
What is the units digit of 3125931?
1
What is the hundred thousands digit of 4292910?
2
What is the tens digit of 212902?
0
What is the tens digit of 863621?
2
What is the tens digit of 437577?
7
What is the hundreds digit of 482087?
0
What is the ten millions digit of 24509096?
2
What is the units digit of 501318?
8
What is the hundreds digit of 558585?
5
What is the units digit of 1665675?
5
What is the thousands digit of 52718?
2
What is the units digit of 2316927?
7
What is the ten thousands digit of 328100?
2
What is the hundred thousands digit of 478976?
4
What is the hundred thousands digit of 2800951?
8
What is the hundreds digit of 4040525?
5
What is the tens digit of 266638?
3
What is the hundred thousands digit of 17868803?
8
What is the thousands digit of 2233986?
3
What is the millions digit of 7372567?
7
What is the tens digit of 191613?
1
What is the thousands digit of 258804?
8
What is the ten thousands digit of 1246232?
4
What is the hundred thousands digit of 13631313?
6
What is the thousands digit of 4018217?
8
What is the millions digit of 3134305?
3
What is the hundreds digit of 171613?
6
What is the tens digit of 5444680?
8
What is the tens digit of 13970819?
1
What is the millions digit of 2535704?
2
What is the tens digit of 201401?
0
What is the tens digit of 1901885?
8
What is the tens digit of 169592?
9
What is the units digit of 3371367?
7
What is the tens digit of 445268?
6
What is the thousands digit of 2999214?
9
What is the hundred thousands digit of 4369747?
3
What is the hundreds digit of 3867724?
7
What is the hundred thousands digit of 4937784?
9
What is the hundred thousands digit of 114308?
1
What is the hundred thousands digit of 10401233?
4
What is the hundred thousands digit of 526439?
5
What is the tens digit of 481613?
1
What is the ten thousands digit of 129850?
2
What is the ten thousands digit of 247568?
4
What is the ten millions digit of 11799499?
1
What is the tens digit of 1007409?
0
What is the thousands digit of 349293?
9
What is the ten millions digit of 10553133?
1
What is the units digit of 106764?
4
What is the hundreds digit of 10641406?
4
What is the ten millions digit of 11251021?
1
What is the units digit of 137812?
2
What is the tens digit of 1102815?
1
What is the millions digit of 6134777?
6
What is the millions digit of 21544502?
1
What is the thousands digit of 9866852?
6
What is the hundreds digit of 909886?
8
What is the millions digit of 7840708?
7
What is the units digit of 23184528?
8
What is the hundreds digit of 202594?
5
What is the thousands digit of 31976628?
6
What is the thousands digit of 456713?
6
What is the thousands digit of 3553640?
3
What is the ten thousands digit of 71621?
7
What is the tens digit of 462575?
7
What is the tens digit of 250897?
9
What is the thousands digit of 15085606?
5
What is the hundreds digit of 438553?
5
What is the hundred thousands digit of 3840840?
8
What is the units digit of 15576147?
7
What is the hundreds digit of 117190?
1
What is the thousands digit of 11695125?
5
What is the ten thousands digit of 10122969?
2
What is the hundreds digit of 9887943?
9
What is the hundred thousands digit of 2144187?
1
What is the thousands digit of 1028565?
8
What is the ten thousands digit of 24996406?
9
What is the hundred thousands digit of 221409?
2
What is the thousands digit of 207045?
7
What is the millions digit of 1507073?
1
What is the ten thousands digit of 26377?
2
What is the thousands digit of 508642?
8
What is the hundreds digit of 9561658?
6
What is the hundred thousands digit of 1984263?
9
What is the tens digit of 288831?
3
What is the ten thousands digit of 3670618?
7
What is the tens digit of 171723?
2
What is the thousands digit of 2015452?
5
What is the tens digit of 1161456?
5
What is the hundreds digit of 376713?
7
What is the ten millions digit of 36400203?
3
What is the hundreds digit of 3154986?
9
What is the hundred thousands digit of 1095788?
0
What is the hundreds digit of 22119735?
7
What is the ten thousands digit of 309174?
0
What is the thousands digit of 314695?
4
What is the units digit of 4355060?
0
What is the ten thousands digit of 54681?
5
What is the millions digit of 3281760?
3
What is the hundreds digit of 647580?
5
What is the tens digit of 680000?
0
What is the ten thousands digit of 198739?
9
What is the ten thousands digit of 753520?
5
What is the tens digit of 1075455?
5
What is the ten thousands digit of 664287?
6
What is the tens digit of 5223805?
0
What is the thousands digit of 304136?
4
What is the hundred thousands digit of 2205974?
2
What is the tens digit of 38929?
2